51.
23
Calculate the remainder when 5111 is divided by 1607.
290
What is the remainder when 4858 is divided by 70?
28
Calculate the remainder when 4935 is divided by 2386.
163
Calculate the remainder when 12424 is divided by 6134.
156
What is the remainder when 121 is divided by 114?
7
Calculate the remainder when 224228 is divided by 224219.
9
What is the remainder when 9558 is divided by 76?
58
What is the remainder when 32022 is divided by 157?
151
What is the remainder when 1355 is divided by 553?
249
Calculate the remainder when 273170 is divided by 242.
194
Calculate the remainder when 28127 is divided by 13998.
131
What is the remainder when 5673 is divided by 62?
31
What is the remainder when 22045 is divided by 7240?
325
What is the remainder when 22603 is divided by 685?
683
What is the remainder when 35526 is divided by 263?
21
What is the remainder when 525052 is divided by 878?
8
Calculate the remainder when 680355 is divided by 114.
3
Calculate the remainder when 1210 is divided by 119.
20
What is the remainder when 1008 is divided by 2?
0
Calculate the remainder when 14684 is divided by 515.
264
What is the remainder when 177127 is divided by 59036?
19
Calculate the remainder when 26491 is divided by 1642.
219
What is the remainder when 17760 is divided by 533?
171
What is the remainder when 2912 is divided by 648?
320
Calculate the remainder when 12108 is divided by 163.
46
What is the remainder when 361117 is divided by 29?
9
Calculate the remainder when 311631 is divided by 22259.
5
What is the remainder when 3584 is divided by 1083?
335
What is the remainder when 68308 is divided by 1084?
16
Calculate the remainder when 29689 is divided by 256.
249
Calculate the remainder when 940329 is divided by 46.
43
What is the remainder when 113706 is divided by 37899?
9
Calculate the remainder when 30240 is divided by 15080.
80
What is the remainder when 8083 is divided by 37?
17
What is the remainder when 183095 is divided by 228?
11
Calculate the remainder when 210 is divided by 100.
10
Calculate the remainder when 251399 is divided by 3697.
3
What is the remainder when 16989 is divided by 3393?
24
Calculate the remainder when 430 is divided by 91.
66
What is the remainder when 2989 is divided by 590?
39
What is the remainder when 7062 is divided by 5111?
1951
Calculate the remainder when 8025 is divided by 4002.
21
What is the remainder when 5853 is divided by 22?
1
What is the remainder when 531092 is divided by 537?
536
What is the remainder when 7906 is divided by 136?
18
What is the remainder when 3317 is divided by 50?
17
What is the remainder when 380842 is divided by 13132?
14
Calculate the remainder when 12671 is divided by 7.
1
Calculate the remainder when 2709 is divided by 2571.
138
What is the remainder when 20164 is divided by 269?
258
What is the remainder when 156307 is divided by 154?
151
Calculate the remainder when 85208 is divided by 128.
88
What is the remainder when 5105 is divided by 34?
5
Calculate the remainder when 105986 is divided by 103.
102
What is the remainder when 15262 is divided by 534?
310
What is the remainder when 63028 is divided by 31504?
20
Calculate the remainder when 3162 is divided by 2761.
401
What is the remainder when 343911 is divided by 178?
15
Calculate the remainder when 11374 is divided by 2.
0
Calculate the remainder when 140 is divided by 8.
4
What is the remainder when 12504 is divided by 6248?
8
Calculate the remainder when 23191 is divided by 5786.
47
Calculate the remainder when 5760 is divided by 162.
90
Calculate the remainder when 82972 is divided by 162.
28
Calculate the remainder when 757 is divided by 749.
8
Calculate the remainder when 4760 is divided by 1299.
863
Calculate the remainder when 1156102 is divided by 98.
94
Calculate the remainder when 4011 is divided by 472.
235
Calculate the remainder when 2053 is divided by 27.
1
Calculate the remainder when 4103 is divided by 1363.
14
Calculate the remainder when 1987 is divided by 690.
607
Calculate the remainder when 2251 is divided by 402.
241
Calculate the remainder when 129986 is divided by 429.
428
Calculate the remainder when 2630749 is divided by 110.
99
What is the remainder when 794778 is divided by 39?
36
What is the remainder when 692660 is divided by 1182?
8
Calculate the remainder when 111432 is divided by 19.
16
What is the remainder when 263521 is divided by 1209?
1168
Calculate the remainder when 578 is divided by 176.
50
Calculate the remainder when 399196 is divided by 65.
31
Calculate the remainder when 100253 is divided by 100240.
13
What is the remainder when 21030 is divided by 10436?
158
What is the remainder when 6746 is divided by 134?
46
What is the remainder when 78538 is divided by 3141?
13
Calculate the remainder when 1294101 is divided by 32.
21
Calculate the remainder when 170011 is divided by 153.
28
What is the remainder when 43162 is divided by 27?
16
What is the remainder when 33363 is divided by 309?
300
Calculate the remainder when 29721 is divided by 9861.
138
What is the remainder when 10091 is divided by 174?
173
What is the remainder when 38857 is divided by 237?
226
Calculate the remainder when 49664 is divided by 1419.
1418
Calculate the remainder when 1664 is divided by 803.
58
What is the remainder when 446198 is divided by 92?
90
Calculate the remainder when 9332 is divided by 1335.
1322
Calculate the remainder when 891 is divided by 43.
31
Calculate the remainder when 69477 is divided by 90.
87
What is the remainder when 916827 is divided by 11?
10
What is the remainder when 11093 is divided by 11083?
10
What is the remainder when 136673 is divided by 483?
467
What is the remainder when 198854 is divided by 131?
127
What is the remainder when 64885 is divided by 721?
716
Calculate the remainder when 53613 is divided by 61.
55
Calculate the remainder when 6535 is divided by 918.
109
Calculate the remainder when 1160 is divided by 44.
16
What is the remainder when 8023 is divided by 118?
117
What is the remainder when 242 is divided by 22?
0
Calculate the remainder when 25202 is divided by 8398.
8
What is the remainder when 11293 is divided by 11152?
141
What is the remainder when 47747 is divided by 55?
7
What is the remainder when 85309 is divided by 5?
4
Calculate the remainder when 3003 is divided by 2994.
9
Calculate the remainder when 8333 is divided by 298.
287
Calculate the remainder when 46150 is divided by 147.
139
Calculate the remainder when 98 is divided by 24.
2
What is the remainder when 3123 is divided by 778?
11
Calculate the remainder when 3410 is divided by 66.
44
What is the remainder when 9083 is divided by 1007?
20
What is the remainder when 76454 is divided by 108?
98
What is the remainder when 438778 is divided by 82?
78
What is the remainder when 857288 is divided by 331?
329
What is the remainder when 6326 is divided by 2031?
233
What is the remainder when 12927 is divided by 17?
7
What is the remainder when 539 is divided by 270?
269
What is the remainder when 4927 is divided by 231?
76
Calculate the remainder when 1261 is divided by 419.
4
Calculate the remainder when 2321 is divided by 124.
89
What is the remainder when 2773 is divided by 688?
21
What is the remainder when 85390 is divided by 1447?
17
What is the remainder when 923 is divided by 606?
317
Calculate the remainder when 122565 is divided by 122548.
17
Calculate the remainder when 35598 is divided by 50.
48
What is the remainder when 5471 is divided by 3476?
1995
What is the remainder when 4205 is divided by 417?
35
Calculate the remainder when 5601 is divided by 58.
33
Calculate the remainder when 104805 is divided by 210.
15
Calculate the remainder when 5380 is divided by 764.
32
Calculate the remainder when 6260 is divided by 252.
212
Calculate the remainder when 6554 is divided by 470.
444
Calculate the remainder when 1345 is divided by 1325.
20
Calculate the remainder when 100942 is divided by 17.
13
What is the remainder when 3459 is divided by 766?
395
Calculate the remainder when 3606863 is divided by 12.
11
What is the remainder when 1927 is divided by 1078?
849
Calculate the remainder when 7759 is divided by 641.
67
Calculate the remainder when 4457 is divided by 658.